ommon divisor of 28925 and 26.
13
What is the greatest common divisor of 14 and 1888?
2
What is the highest common factor of 1026 and 2214?
54
What is the highest common divisor of 233178 and 528?
66
Calculate the greatest common divisor of 89789 and 6363.
707
What is the highest common factor of 80 and 1935?
5
What is the greatest common factor of 156649 and 43?
43
Calculate the greatest common divisor of 76 and 64847.
19
Calculate the highest common factor of 1148 and 4032.
28
Calculate the greatest common factor of 2721519 and 81.
81
What is the highest common divisor of 32 and 9355616?
32
Calculate the greatest common factor of 413499 and 31341.
1011
What is the highest common divisor of 30672 and 336?
48
Calculate the highest common factor of 204 and 55182.
102
What is the greatest common divisor of 67830 and 4140?
30
What is the greatest common factor of 100 and 1982125?
25
Calculate the greatest common factor of 23 and 138161.
23
Calculate the highest common divisor of 434 and 7035140.
434
What is the greatest common factor of 82649 and 574?
7
Calculate the highest common divisor of 13952 and 12862.
218
Calculate the highest common divisor of 190944 and 459.
459
Calculate the greatest common factor of 1023 and 3999.
93
Calculate the greatest common factor of 7524 and 24966.
342
Calculate the highest common factor of 71 and 92229.
71
What is the highest common divisor of 151996 and 632?
316
Calculate the highest common divisor of 205 and 115835.
5
What is the highest common factor of 444 and 12540?
12
What is the greatest common divisor of 3103660 and 1960?
980
Calculate the highest common divisor of 9 and 1327653.
9
Calculate the highest common factor of 820032 and 96.
96
Calculate the highest common divisor of 106912 and 234.
26
Calculate the highest common factor of 65871 and 585.
117
What is the greatest common divisor of 23 and 596689?
23
What is the greatest common divisor of 10877 and 149?
149
Calculate the greatest common divisor of 1040 and 21944.
104
What is the greatest common factor of 1110352 and 928?
464
Calculate the highest common divisor of 124404 and 308.
28
What is the greatest common factor of 4 and 60026?
2
Calculate the highest common factor of 11925 and 90.
45
Calculate the highest common factor of 23389 and 247.
19
Calculate the highest common factor of 201960 and 45.
45
What is the greatest common factor of 3327830 and 66?
22
Calculate the highest common factor of 15 and 11112.
3
Calculate the greatest common divisor of 7560 and 123660.
540
Calculate the greatest common divisor of 398 and 4759483.
199
Calculate the greatest common factor of 359728 and 848.
16
What is the highest common divisor of 57843 and 261?
9
What is the highest common divisor of 394 and 971998?
394
What is the greatest common divisor of 671 and 3734786?
671
What is the greatest common factor of 427 and 5612?
61
What is the highest common factor of 1568068 and 1340?
268
What is the greatest common factor of 153288 and 216?
72
What is the greatest common factor of 31770 and 90?
90
What is the highest common factor of 3266 and 46?
46
What is the greatest common factor of 12510 and 8910?
90
Calculate the greatest common divisor of 741552 and 80.
16
Calculate the highest common divisor of 349948 and 356.
356
What is the greatest common divisor of 957 and 330?
33
What is the highest common divisor of 3302 and 47498?
254
Calculate the greatest common divisor of 20872 and 8.
8
Calculate the greatest common factor of 21240 and 720.
360
Calculate the highest common divisor of 1976 and 102232.
104
Calculate the greatest common divisor of 274 and 1370.
274
Calculate the greatest common factor of 42 and 24150.
42
Calculate the greatest common divisor of 28658 and 2625.
7
What is the greatest common divisor of 22410 and 405?
135
Calculate the greatest common factor of 162 and 666738.
54
What is the greatest common factor of 1154 and 464485?
577
What is the highest common divisor of 24 and 976?
8
What is the greatest common factor of 91 and 14882?
7
What is the highest common factor of 85 and 395?
5
Calculate the greatest common divisor of 4363 and 43.
1
Calculate the greatest common divisor of 544 and 3616.
32
Calculate the greatest common divisor of 282125 and 250.
125
What is the greatest common divisor of 9606 and 21?
3
Calculate the greatest common factor of 515 and 335.
5
Calculate the highest common divisor of 144 and 1320993.
9
What is the greatest common divisor of 33418 and 3773?
539
Calculate the greatest common divisor of 28 and 390068.
28
What is the greatest common factor of 14400 and 2?
2
What is the greatest common factor of 2054106 and 162?
54
What is the highest common divisor of 858 and 1782?
66
What is the greatest common factor of 288 and 17424?
144
Calculate the highest common factor of 47985 and 1920.
15
Calculate the greatest common divisor of 33614 and 238.
14
What is the highest common factor of 345 and 5716075?
115
What is the greatest common divisor of 937585 and 55?
55
Calculate the highest common divisor of 33935 and 5115.
55
What is the highest common factor of 123331 and 159?
53
What is the greatest common factor of 405 and 168030?
45
What is the greatest common factor of 392864 and 128?
32
Calculate the greatest common factor of 539 and 4361.
49
What is the highest common factor of 15442 and 14?
14
Calculate the highest common factor of 53640 and 1080.
360
Calculate the highest common divisor of 161064 and 3744.
72
What is the highest common factor of 648 and 219096?
72
What is the highest common divisor of 9315 and 145800?
405
What is the highest common factor of 1279642 and 13?
13
Calculate the highest common divisor of 7282 and 22.
22
Calculate the highest common divisor of 18 and 21438.
18
What is the highest common divisor of 140 and 658?
14
Calculate the greatest common factor of 39400 and 2758.
394
Calculate the greatest common divisor of 1063986 and 2695.
539
What is the greatest common divisor of 4639082 and 14?
14
Calculate the greatest common factor of 55090 and 29540.
70
Calculate the highest common factor of 1815846 and 762.
762
Calculate the highest common divisor of 1071 and 110691.
63
What is the highest common divisor of 33 and 51?
3
Calculate the greatest common divisor of 261 and 93.
3
Calculate the highest common factor of 112623 and 217.
217
What is the highest common divisor of 21582 and 10274?
22
Calculate the greatest common divisor of 305 and 5816045.
305
Calculate the highest common factor of 9770446 and 266.
266
What is the greatest common divisor of 11898705 and 39?
39
What is the highest common factor of 2600 and 6432?
8
Calculate the greatest common divisor of 488 and 632.
8
Calculate the highest common factor of 112 and 3619.
7
Calculate the greatest common divisor of 80 and 32280.
40
What is the greatest common divisor of 36 and 34677?
9
What is the greatest common divisor of 216 and 1108566?
54
What is the greatest common factor of 278 and 4?
2
What is the greatest common divisor of 13942 and 44?
2
What is the greatest common factor of 3982 and 1738?
22
What is the highest common divisor of 223197 and 10476?
291
What is the highest common factor of 11796 and 276?
12
Calculate the greatest common factor of 6402 and 1078.
22
Calculate the greatest common factor of 8 and 3760472.
8
What is the highest common factor of 133311 and 1221?
111
Calculate the highest common factor of 632 and 22436.
316
Calculate the greatest common divisor of 216 and 37314.
54
What is the greatest common factor of 4902 and 492006?
258
What is the greatest common divisor of 19462 and 370?
74
Calculate the greatest common divisor of 20811 and 72.
3
Calculate the highest common factor of 42 and 25858.
14
What is the highest common factor of 960 and 37056?
192
Calculate the highest common factor of 21316 and 19783.
73
What is the highest common divisor of 3504 and 5552?
16
What is the highest common divisor of 1679255 and 7662?
1277
What is the greatest common divisor of 6642 and 864?
54
What is the greatest common factor of 24068 and 1012?
44
What is the greatest common factor of 2127059 and 121?
121
Calculate the highest common factor of 1500 and 825.
75
Calculate the greatest common factor of 3214080 and 48.
48
Wh